3, 139, 419, 2659
What are the prime factors of 253725263?
11, 29, 72307
List the prime factors of 142044054.
2, 3, 79, 299671
What are the prime factors of 955453281?
3, 23, 13847149
What are the prime factors of 249348288?
2, 3, 7, 185527
What are the prime factors of 35023397?
31, 1129787
What are the prime factors of 255865324?
2, 11, 13, 19, 1811
List the prime factors of 818845394.
2, 19, 21548563
List the prime factors of 98510935.
5, 19702187
What are the prime factors of 795927040?
2, 5, 29, 71, 151
What are the prime factors of 31381075?
5, 11, 114113
List the prime factors of 592911583.
11, 29, 53, 35069
List the prime factors of 319552730.
2, 5, 7, 4565039
List the prime factors of 240952371.
3, 11, 7301587
List the prime factors of 373938850.
2, 5, 53, 73, 1933
List the prime factors of 450269398.
2, 1907, 118057
What are the prime factors of 290693413?
59, 4927007
List the prime factors of 303720489.
3, 83, 313, 433
What are the prime factors of 84632925?
3, 5, 13, 61, 1423
List the prime factors of 29258101.
61, 293, 1637
List the prime factors of 1430901387.
3, 158989043
What are the prime factors of 2490761149?
23, 108293963
List the prime factors of 483213873.
3, 7393, 21787
What are the prime factors of 310991658?
2, 3, 19, 2727997
List the prime factors of 4679617.
41, 311, 367
What are the prime factors of 6256413749?
59, 733, 144667
What are the prime factors of 41847837?
3, 97, 143807
What are the prime factors of 624328378?
2, 67, 1321, 3527
List the prime factors of 152752342.
2, 5051, 15121
List the prime factors of 244299521.
79, 3092399
List the prime factors of 509866339.
4703, 108413
What are the prime factors of 1415976698?
2, 707988349
What are the prime factors of 159326671?
7, 97, 461, 509
List the prime factors of 1550139252.
2, 3, 31, 467, 8923
What are the prime factors of 6582920931?
3, 17, 43025627
List the prime factors of 45642027.
3, 29, 107, 4903
List the prime factors of 4952702.
2, 2476351
What are the prime factors of 3400203086?
2, 7, 443, 548243
List the prime factors of 104488650.
2, 3, 5, 7, 11057
List the prime factors of 20534292.
2, 3, 109, 5233
What are the prime factors of 928624387?
928624387
List the prime factors of 1187435673.
3, 43979099
List the prime factors of 114262374.
2, 3, 73, 260873
What are the prime factors of 530329914?
2, 3, 29462773
What are the prime factors of 160991972?
2, 17, 151, 15679
What are the prime factors of 34967596?
2, 311, 28109
What are the prime factors of 4600167014?
2, 61, 37706287
List the prime factors of 2477186396.
2, 619296599
What are the prime factors of 2681504693?
7, 73, 461, 11383
List the prime factors of 58259532.
2, 3, 4854961
What are the prime factors of 342130499?
342130499
List the prime factors of 2970951057.
3, 101, 3268373
What are the prime factors of 53867114?
2, 7, 3847651
List the prime factors of 1420636779.
3, 89, 591193
List the prime factors of 340695991.
3539, 96269
What are the prime factors of 1754982022?
2, 59, 14872729
What are the prime factors of 133954152?
2, 3, 17, 397, 827
List the prime factors of 1456074664.
2, 11, 47, 352049
What are the prime factors of 118143465?
3, 5, 11, 109, 6569
What are the prime factors of 41085511?
43, 955477
What are the prime factors of 1374341276?
2, 7, 11, 1831, 2437
List the prime factors of 5803960035.
3, 5, 367, 461, 2287
List the prime factors of 657711019.
7, 93958717
What are the prime factors of 198509715?
3, 5, 43, 173, 593
What are the prime factors of 1682447823?
3, 7, 17, 1570913
List the prime factors of 42767557.
7, 23, 103, 2579
List the prime factors of 509956127.
4903, 104009
List the prime factors of 59742278.
2, 29871139
What are the prime factors of 4125629215?
5, 47, 17555869
List the prime factors of 3184409.
3184409
What are the prime factors of 4093579364?
2, 7, 20885609
What are the prime factors of 95292912?
2, 3, 11, 13, 13883
List the prime factors of 83396104.
2, 11, 101, 853
List the prime factors of 2479568745.
3, 5, 17, 9723799
List the prime factors of 454767551.
7, 31, 139, 15077
What are the prime factors of 1031691283?
7, 147384469
What are the prime factors of 5446172913?
3, 179, 10141849
What are the prime factors of 4392796071?
3, 3359, 435923
What are the prime factors of 5779100061?
3, 7, 409, 74761
List the prime factors of 601934814.
2, 3, 13, 95273
What are the prime factors of 91744785?
3, 5, 11, 61781
What are the prime factors of 828496888?
2, 7307, 14173
List the prime factors of 1110326035.
5, 7, 13, 23, 659
List the prime factors of 56559973.
56559973
List the prime factors of 392265795.
3, 5, 1759, 14867
What are the prime factors of 82366346?
2, 53, 777041
List the prime factors of 42849890.
2, 5, 4284989
List the prime factors of 8312184.
2, 3, 17, 6791
What are the prime factors of 174460779?
3, 3121, 6211
List the prime factors of 264570443.
43, 6152801
List the prime factors of 44123007.
3, 17, 29, 29833
List the prime factors of 370665730.
2, 5, 59, 503, 1249
List the prime factors of 6413751230.
2, 5, 1471, 436013
What are the prime factors of 45033367?
6449, 6983
List the prime factors of 1803133.
29, 97, 641
List the prime factors of 706829105.
5, 197, 717593
What are the prime factors of 1091885855?
5, 5657, 38603
List the prime factors of 19148950.
2, 5, 382979
What are the prime factors of 324374979?
3, 31, 59, 1907
List the prime factors of 2996507442.
2, 3, 19, 26285153
List the prime factors of 240647614.
2, 17, 41, 47, 3673
What are the prime factors of 102747660?
2, 3, 5, 17, 100733
List the prime factors of 122401565.
5, 11, 13, 193, 887
List the prime factors of 1470014906.
2, 735007453
List the prime factors of 9121723.
13, 701671
What are the prime factors of 543876653?
19, 23, 37, 33637
List the prime factors of 27293594.
2, 23, 229, 2591
What are the prime factors of 97797579?
3, 11, 19, 61, 2557
List the prime factors of 30497211.
3, 31, 281, 389
List the prime factors of 370060003.
643, 701, 821
What are the prime factors of 4881778331?
181, 2357, 11443
What are the prime factors of 43672819?
229, 190711
What are the prime factors of 20377986?
2, 3, 109, 31159
List the prime factors of 348057902.
2, 467, 372653
What are the prime factors of 672379351?
7, 96054193
List the prime factors of 1015289213.
37, 27440249
What are the prime factors of 560825642?
2, 13, 373, 57829
What are the prime factors of 860075231?
47, 18299473
What are the prime factors of 5771754?
2, 3, 29, 11057
What are the prime factors of 23598539?
67, 352217
List the prime factors of 243491073.
3, 7, 103, 112571
What are the prime factors of 376266829?
14033, 26813
What are the prime factors of 41951055?
3, 5, 2796737
What are the prime factors of 83015168?
2, 29, 5591
What are the prime factors of 1101888867?
3, 4909, 74821
What are the prime factors of 698547947?
698547947
What are the prime factors of 1050705310?
2, 5, 2377, 44203
List the prime factors of 51878765.
5, 10375753
What are the prime factors of 456581804?
2, 7, 2329499
What are the prime factors of 4764741317?
7, 17, 73, 269, 2039
List the prime factors of 182248204.
2, 2963, 15377
List the prime factors of 1163055163.
1163055163
List the prime factors of 51106286.
2, 7, 11, 30169
What are the prime factors of 103215930?
2, 3, 5, 29, 4091
What are the prime factors of 146438883?
3, 727, 22381
What are the prime factors of 500719682?
2, 937, 267193
List the prime factors of 185367010.
2, 5, 18536701
What are the prime factors of 36576642?
2, 3, 6096107
What are the prime factors of 440660644?
2, 1553, 70937
What are the prime factors of 41611225?
5, 59, 28211
What are the prime factors of 263322547?
263322547
What are the prime factors of 1262454972?
2, 3, 105204581
List the prime factors of 27790620.
2, 3, 5, 11, 13, 41, 79
What are the prime factors of 48845098?
2, 24422549
List the prime factors of 1919819852.
2, 479954963
List the prime factors of 2252610129.
3, 7, 11, 73, 133583
What are the prime factors of 87662320?
2, 5, 1095779
What are the prime factors of 178567639?
8689, 20551
List the prime factors of 5889254031.
3, 654361559
What are the prime factors of 266947973?
601, 444173
What are the prime factors of 101787026?
2, 11, 251, 18433
What are the prime fac